{"id":46024,"date":"2025-10-07T12:22:49","date_gmt":"2025-10-07T11:22:49","guid":{"rendered":"https:\/\/tintas2000.pt\/home\/?post_type=job&#038;p=46024"},"modified":"2025-10-07T12:24:34","modified_gmt":"2025-10-07T11:24:34","slug":"tecnico-comercial-faro-ref-70-04","status":"publish","type":"job","link":"https:\/\/tintas2000.pt\/home\/job\/tecnico-comercial-faro-ref-70-04\/","title":{"rendered":"T\u00e9cnico\u00a0Comercial\u00a0\u2013\u00a0Faro\u00a0Ref.70-04"},"content":{"rendered":"\n<p>A F\u00e1brica de Tintas 2000 S.A., uma das 6 maiores fabricantes de tintas e vernizes em Portugal, \u00e9 hoje reconhecida como uma empresa de refer\u00eancia no setor, resultado de uma aposta cont\u00ednua na inova\u00e7\u00e3o e no crescimento sustent\u00e1vel.<\/p>\n\n\n\n<p>Atualmente, a empresa est\u00e1 a refor\u00e7ar a sua equipa e procura um\/a T\u00e9cnico\/a\u00a0Comercial\u00a0para integrar a equipa\u00a0comercial\u00a0na zona de\u00a0Faro\u00a0e arredores.<\/p>\n\n\n\n<p>Tem o perfil indicado? Junte-se a n\u00f3s e fa\u00e7a parte de uma equipa que valoriza talento, dedica\u00e7\u00e3o e crescimento!<\/p>\n\n\n\n<p>Principais Fun\u00e7\u00f5es:<br>Escolaridade m\u00ednima: 12\u00ba ano ou equivalente;<br>Carta de condu\u00e7\u00e3o B (requisito obrigat\u00f3rio);<br>Dinamismo e forte sentido de responsabilidade;<br>Boa capacidade de comunica\u00e7\u00e3o, gosto pela \u00e1rea de\u00a0vendas\u00a0e orienta\u00e7\u00e3o para o resultado;<br>Boa apresenta\u00e7\u00e3o;<br>Experi\u00eancia em fun\u00e7\u00f5es\u00a0comerciais\u00a0similares (fator preferencial);<\/p>\n\n\n\n<p>Requisitos:<br>Escolaridade m\u00ednima: 12\u00ba ano ou equivalente;<br>Dinamismo e forte sentido de responsabilidade;<br>Boa capacidade de comunica\u00e7\u00e3o e gosto pelo atendimento ao p\u00fablico;<br>Gosto por trabalhar em equipa;<br>Assiduidade e pontualidade;<br>Boa apresenta\u00e7\u00e3o;<br>Experi\u00eancia na \u00e1rea (requisito preferencial).<\/p>\n\n\n\n<p>Tipo de trabalho:<br>Tempo integral.<\/p>\n\n\n\n<p>Benef\u00edcios:<br>Entrada imediata;<br>Boas condi\u00e7\u00f5es de trabalho;<br>Integra\u00e7\u00e3o num grupo empresarial em expans\u00e3o;<br>Sal\u00e1rio base acima da m\u00e9dia + comiss\u00f5es;<br>Integra\u00e7\u00e3o num grupo empresarial em expans\u00e3o;<br>Participa\u00e7\u00e3o em Iniciativas inseridas no \u00e2mbito da Responsabilidade Social e Ambiental;<br>Participa\u00e7\u00e3o em Eventos, A\u00e7\u00f5es e Tradeshows.<\/p>\n\n\n\n<p>Se corresponde ao perfil pretendido envie-nos o seu CV por esta via ou para o email\u00a0<a href=\"mailto:rh@tintas2000.pt?subject=Resposta%20Oferta%20Net-Empregos:%20T%C3%A9cnico(a)%20Comercial%20%E2%80%93%20Faro\" target=\"_blank\" rel=\"noreferrer noopener\">rh@tintas2000.pt<\/a>, colocando em assunto \u201cT\u00e9cnico\u00a0Comercial\u00a0\u2013\u00a0Faro\u00a0Ref.70-04\u201d.<strong><br><br>Notas:<br>1. Se n\u00e3o receber resposta no prazo de 1 m\u00eas a sua candidatura n\u00e3o foi selecionada.<br>2. Para conhecimento da nossa pol\u00edtica de privacidade consulte a nossa p\u00e1gina:<br><\/strong><a href=\"https:\/\/tintas2000.pt\/home\/recursos-humanos\/\" target=\"_blank\" rel=\"noreferrer noopener\"><strong>https:\/\/tintas2000.pt\/home\/recursos-humanos\/<\/strong><\/a><strong><br>3. Caso pretenda que todos os seus dados pessoais sejam eliminados da nossa base de dados, ap\u00f3s o encerramento deste processo de sele\u00e7\u00e3o, dever\u00e1 incluir essa indica\u00e7\u00e3o no seu email de candidatura.<\/strong><\/p>\n\n\n\n<p><\/p>\n","protected":false},"featured_media":0,"template":"","class_list":["post-46024","job","type-job","status-publish","hentry"],"acf":[],"yoast_head":"<!-- This site is optimized with the Yoast SEO plugin v27.5 - https:\/\/yoast.com\/product\/yoast-seo-wordpress\/ -->\n<title>T\u00e9cnico\u00a0Comercial\u00a0\u2013\u00a0Faro\u00a0Ref.70-04 - Tintas 2000<\/title>\n<meta name=\"robots\" content=\"index, follow, max-snippet:-1, max-image-preview:large, max-video-preview:-1\" \/>\n<link rel=\"canonical\" href=\"https:\/\/tintas2000.pt\/home\/job\/tecnico-comercial-faro-ref-70-04\/\" \/>\n<meta property=\"og:locale\" content=\"pt_PT\" \/>\n<meta property=\"og:type\" content=\"article\" \/>\n<meta property=\"og:title\" content=\"T\u00e9cnico\u00a0Comercial\u00a0\u2013\u00a0Faro\u00a0Ref.70-04 - Tintas 2000\" \/>\n<meta property=\"og:description\" content=\"A F\u00e1brica de Tintas 2000 S.A., uma das 6 maiores fabricantes de tintas e vernizes em Portugal, \u00e9 hoje reconhecida como uma empresa de refer\u00eancia no setor, resultado de uma aposta cont\u00ednua na inova\u00e7\u00e3o e no crescimento sustent\u00e1vel. Atualmente, a empresa est\u00e1 a refor\u00e7ar a sua equipa e procura um\/a T\u00e9cnico\/a\u00a0Comercial\u00a0para integrar a equipa\u00a0comercial\u00a0na zona [&hellip;]\" \/>\n<meta property=\"og:url\" content=\"https:\/\/tintas2000.pt\/home\/job\/tecnico-comercial-faro-ref-70-04\/\" \/>\n<meta property=\"og:site_name\" content=\"Tintas 2000\" \/>\n<meta property=\"article:modified_time\" content=\"2025-10-07T11:24:34+00:00\" \/>\n<meta name=\"twitter:card\" content=\"summary_large_image\" \/>\n<meta name=\"twitter:label1\" content=\"Tempo estimado de leitura\" \/>\n\t<meta name=\"twitter:data1\" content=\"2 minutos\" \/>\n<script type=\"application\/ld+json\" class=\"yoast-schema-graph\">{\"@context\":\"https:\\\/\\\/schema.org\",\"@graph\":[{\"@type\":\"WebPage\",\"@id\":\"https:\\\/\\\/tintas2000.pt\\\/home\\\/job\\\/tecnico-comercial-faro-ref-70-04\\\/\",\"url\":\"https:\\\/\\\/tintas2000.pt\\\/home\\\/job\\\/tecnico-comercial-faro-ref-70-04\\\/\",\"name\":\"T\u00e9cnico\u00a0Comercial\u00a0\u2013\u00a0Faro\u00a0Ref.70-04 - Tintas 2000\",\"isPartOf\":{\"@id\":\"https:\\\/\\\/tintas2000.pt\\\/home\\\/#website\"},\"datePublished\":\"2025-10-07T11:22:49+00:00\",\"dateModified\":\"2025-10-07T11:24:34+00:00\",\"breadcrumb\":{\"@id\":\"https:\\\/\\\/tintas2000.pt\\\/home\\\/job\\\/tecnico-comercial-faro-ref-70-04\\\/#breadcrumb\"},\"inLanguage\":\"pt-PT\",\"potentialAction\":[{\"@type\":\"ReadAction\",\"target\":[\"https:\\\/\\\/tintas2000.pt\\\/home\\\/job\\\/tecnico-comercial-faro-ref-70-04\\\/\"]}]},{\"@type\":\"BreadcrumbList\",\"@id\":\"https:\\\/\\\/tintas2000.pt\\\/home\\\/job\\\/tecnico-comercial-faro-ref-70-04\\\/#breadcrumb\",\"itemListElement\":[{\"@type\":\"ListItem\",\"position\":1,\"name\":\"In\u00edcio\",\"item\":\"https:\\\/\\\/tintas2000.pt\\\/home\\\/\"},{\"@type\":\"ListItem\",\"position\":2,\"name\":\"T\u00e9cnico\u00a0Comercial\u00a0\u2013\u00a0Faro\u00a0Ref.70-04\"}]},{\"@type\":\"WebSite\",\"@id\":\"https:\\\/\\\/tintas2000.pt\\\/home\\\/#website\",\"url\":\"https:\\\/\\\/tintas2000.pt\\\/home\\\/\",\"name\":\"Tintas 2000\",\"description\":\"Tintas 2000\",\"potentialAction\":[{\"@type\":\"SearchAction\",\"target\":{\"@type\":\"EntryPoint\",\"urlTemplate\":\"https:\\\/\\\/tintas2000.pt\\\/home\\\/?s={search_term_string}\"},\"query-input\":{\"@type\":\"PropertyValueSpecification\",\"valueRequired\":true,\"valueName\":\"search_term_string\"}}],\"inLanguage\":\"pt-PT\"}]}<\/script>\n<!-- \/ Yoast SEO plugin. -->","yoast_head_json":{"title":"T\u00e9cnico\u00a0Comercial\u00a0\u2013\u00a0Faro\u00a0Ref.70-04 - Tintas 2000","robots":{"index":"index","follow":"follow","max-snippet":"max-snippet:-1","max-image-preview":"max-image-preview:large","max-video-preview":"max-video-preview:-1"},"canonical":"https:\/\/tintas2000.pt\/home\/job\/tecnico-comercial-faro-ref-70-04\/","og_locale":"pt_PT","og_type":"article","og_title":"T\u00e9cnico\u00a0Comercial\u00a0\u2013\u00a0Faro\u00a0Ref.70-04 - Tintas 2000","og_description":"A F\u00e1brica de Tintas 2000 S.A., uma das 6 maiores fabricantes de tintas e vernizes em Portugal, \u00e9 hoje reconhecida como uma empresa de refer\u00eancia no setor, resultado de uma aposta cont\u00ednua na inova\u00e7\u00e3o e no crescimento sustent\u00e1vel. Atualmente, a empresa est\u00e1 a refor\u00e7ar a sua equipa e procura um\/a T\u00e9cnico\/a\u00a0Comercial\u00a0para integrar a equipa\u00a0comercial\u00a0na zona [&hellip;]","og_url":"https:\/\/tintas2000.pt\/home\/job\/tecnico-comercial-faro-ref-70-04\/","og_site_name":"Tintas 2000","article_modified_time":"2025-10-07T11:24:34+00:00","twitter_card":"summary_large_image","twitter_misc":{"Tempo estimado de leitura":"2 minutos"},"schema":{"@context":"https:\/\/schema.org","@graph":[{"@type":"WebPage","@id":"https:\/\/tintas2000.pt\/home\/job\/tecnico-comercial-faro-ref-70-04\/","url":"https:\/\/tintas2000.pt\/home\/job\/tecnico-comercial-faro-ref-70-04\/","name":"T\u00e9cnico\u00a0Comercial\u00a0\u2013\u00a0Faro\u00a0Ref.70-04 - Tintas 2000","isPartOf":{"@id":"https:\/\/tintas2000.pt\/home\/#website"},"datePublished":"2025-10-07T11:22:49+00:00","dateModified":"2025-10-07T11:24:34+00:00","breadcrumb":{"@id":"https:\/\/tintas2000.pt\/home\/job\/tecnico-comercial-faro-ref-70-04\/#breadcrumb"},"inLanguage":"pt-PT","potentialAction":[{"@type":"ReadAction","target":["https:\/\/tintas2000.pt\/home\/job\/tecnico-comercial-faro-ref-70-04\/"]}]},{"@type":"BreadcrumbList","@id":"https:\/\/tintas2000.pt\/home\/job\/tecnico-comercial-faro-ref-70-04\/#breadcrumb","itemListElement":[{"@type":"ListItem","position":1,"name":"In\u00edcio","item":"https:\/\/tintas2000.pt\/home\/"},{"@type":"ListItem","position":2,"name":"T\u00e9cnico\u00a0Comercial\u00a0\u2013\u00a0Faro\u00a0Ref.70-04"}]},{"@type":"WebSite","@id":"https:\/\/tintas2000.pt\/home\/#website","url":"https:\/\/tintas2000.pt\/home\/","name":"Tintas 2000","description":"Tintas 2000","potentialAction":[{"@type":"SearchAction","target":{"@type":"EntryPoint","urlTemplate":"https:\/\/tintas2000.pt\/home\/?s={search_term_string}"},"query-input":{"@type":"PropertyValueSpecification","valueRequired":true,"valueName":"search_term_string"}}],"inLanguage":"pt-PT"}]}},"_links":{"self":[{"href":"https:\/\/tintas2000.pt\/home\/wp-json\/wp\/v2\/job\/46024","targetHints":{"allow":["GET"]}}],"collection":[{"href":"https:\/\/tintas2000.pt\/home\/wp-json\/wp\/v2\/job"}],"about":[{"href":"https:\/\/tintas2000.pt\/home\/wp-json\/wp\/v2\/types\/job"}],"version-history":[{"count":2,"href":"https:\/\/tintas2000.pt\/home\/wp-json\/wp\/v2\/job\/46024\/revisions"}],"predecessor-version":[{"id":46027,"href":"https:\/\/tintas2000.pt\/home\/wp-json\/wp\/v2\/job\/46024\/revisions\/46027"}],"wp:attachment":[{"href":"https:\/\/tintas2000.pt\/home\/wp-json\/wp\/v2\/media?parent=46024"}],"curies":[{"name":"wp","href":"https:\/\/api.w.org\/{rel}","templated":true}]}}

Técnico Comercial – Faro Ref.70-04

<p>A Fábrica de Tintas 2000 S.A., uma das 6 maiores fabricantes de tintas e vernizes em Portugal, é hoje reconhecida como uma empresa de referência no setor, resultado de uma aposta contínua na inovação e no crescimento sustentável.</p>



<p>Atualmente, a empresa está a reforçar a sua equipa e procura um/a Técnico/a Comercial para integrar a equipa comercial na zona de Faro e arredores.</p>



<p>Tem o perfil indicado? Junte-se a nós e faça parte de uma equipa que valoriza talento, dedicação e crescimento!</p>



<p>Principais Funções:<br>Escolaridade mínima: 12º ano ou equivalente;<br>Carta de condução B (requisito obrigatório);<br>Dinamismo e forte sentido de responsabilidade;<br>Boa capacidade de comunicação, gosto pela área de vendas e orientação para o resultado;<br>Boa apresentação;<br>Experiência em funções comerciais similares (fator preferencial);</p>



<p>Requisitos:<br>Escolaridade mínima: 12º ano ou equivalente;<br>Dinamismo e forte sentido de responsabilidade;<br>Boa capacidade de comunicação e gosto pelo atendimento ao público;<br>Gosto por trabalhar em equipa;<br>Assiduidade e pontualidade;<br>Boa apresentação;<br>Experiência na área (requisito preferencial).</p>



<p>Tipo de trabalho:<br>Tempo integral.</p>



<p>Benefícios:<br>Entrada imediata;<br>Boas condições de trabalho;<br>Integração num grupo empresarial em expansão;<br>Salário base acima da média + comissões;<br>Integração num grupo empresarial em expansão;<br>Participação em Iniciativas inseridas no âmbito da Responsabilidade Social e Ambiental;<br>Participação em Eventos, Ações e Tradeshows.</p>



<p>Se corresponde ao perfil pretendido envie-nos o seu CV por esta via ou para o email <a href="mailto:rh@tintas2000.pt?subject=Resposta%20Oferta%20Net-Empregos:%20T%C3%A9cnico(a)%20Comercial%20%E2%80%93%20Faro" target="_blank" rel="noreferrer noopener">rh@tintas2000.pt</a>, colocando em assunto “Técnico Comercial – Faro Ref.70-04”.<strong><br><br>Notas:<br>1. Se não receber resposta no prazo de 1 mês a sua candidatura não foi selecionada.<br>2. Para conhecimento da nossa política de privacidade consulte a nossa página:<br></strong><a href="https://tintas2000.pt/home/recursos-humanos/" target="_blank" rel="noreferrer noopener"><strong>https://tintas2000.pt/home/recursos-humanos/</strong></a><strong><br>3. Caso pretenda que todos os seus dados pessoais sejam eliminados da nossa base de dados, após o encerramento deste processo de seleção, deverá incluir essa indicação no seu email de candidatura.</strong></p>



<p></p>

<!-- This site is optimized with the Yoast SEO plugin v27.5 - https://yoast.com/product/yoast-seo-wordpress/ -->
<title>Técnico Comercial – Faro Ref.70-04 - Tintas 2000</title>
<meta name="robots" content="index, follow, max-snippet:-1, max-image-preview:large, max-video-preview:-1" />
<link rel="canonical" href="https://tintas2000.pt/home/job/tecnico-comercial-faro-ref-70-04/" />
<meta property="og:locale" content="pt_PT" />
<meta property="og:type" content="article" />
<meta property="og:title" content="Técnico Comercial – Faro Ref.70-04 - Tintas 2000" />
<meta property="og:description" content="A Fábrica de Tintas 2000 S.A., uma das 6 maiores fabricantes de tintas e vernizes em Portugal, é hoje reconhecida como uma empresa de referência no setor, resultado de uma aposta contínua na inovação e no crescimento sustentável. Atualmente, a empresa está a reforçar a sua equipa e procura um/a Técnico/a Comercial para integrar a equipa comercial na zona [&hellip;]" />
<meta property="og:url" content="https://tintas2000.pt/home/job/tecnico-comercial-faro-ref-70-04/" />
<meta property="og:site_name" content="Tintas 2000" />
<meta property="article:modified_time" content="2025-10-07T11:24:34+00:00" />
<meta name="twitter:card" content="summary_large_image" />
<meta name="twitter:label1" content="Tempo estimado de leitura" />
	<meta name="twitter:data1" content="2 minutos" />
<script type="application/ld+json" class="yoast-schema-graph">{"@context":"https:\/\/schema.org","@graph":[{"@type":"WebPage","@id":"https:\/\/tintas2000.pt\/home\/job\/tecnico-comercial-faro-ref-70-04\/","url":"https:\/\/tintas2000.pt\/home\/job\/tecnico-comercial-faro-ref-70-04\/","name":"Técnico Comercial – Faro Ref.70-04 - Tintas 2000","isPartOf":{"@id":"https:\/\/tintas2000.pt\/home\/#website"},"datePublished":"2025-10-07T11:22:49+00:00","dateModified":"2025-10-07T11:24:34+00:00","breadcrumb":{"@id":"https:\/\/tintas2000.pt\/home\/job\/tecnico-comercial-faro-ref-70-04\/#breadcrumb"},"inLanguage":"pt-PT","potentialAction":[{"@type":"ReadAction","target":["https:\/\/tintas2000.pt\/home\/job\/tecnico-comercial-faro-ref-70-04\/"]}]},{"@type":"BreadcrumbList","@id":"https:\/\/tintas2000.pt\/home\/job\/tecnico-comercial-faro-ref-70-04\/#breadcrumb","itemListElement":[{"@type":"ListItem","position":1,"name":"Início","item":"https:\/\/tintas2000.pt\/home\/"},{"@type":"ListItem","position":2,"name":"Técnico Comercial – Faro Ref.70-04"}]},{"@type":"WebSite","@id":"https:\/\/tintas2000.pt\/home\/#website","url":"https:\/\/tintas2000.pt\/home\/","name":"Tintas 2000","description":"Tintas 2000","potentialAction":[{"@type":"SearchAction","target":{"@type":"EntryPoint","urlTemplate":"https:\/\/tintas2000.pt\/home\/?s={search_term_string}"},"query-input":{"@type":"PropertyValueSpecification","valueRequired":true,"valueName":"search_term_string"}}],"inLanguage":"pt-PT"}]}</script>
<!-- / Yoast SEO plugin. -->

Técnico Comercial – Faro Ref.70-04 - Tintas 2000

A Fábrica de Tintas 2000 S.A., uma das 6 maiores fabricantes de tintas e vernizes em Portugal, é hoje reconhecida como uma empresa de referência no setor, resultado de uma aposta contínua na inovação e no crescimento sustentável. Atualmente, a empresa está a reforçar a sua equipa e procura um/a Técnico/a Comercial para integrar a equipa comercial na zona [&hellip;]

Início
