{"id":40002,"date":"2023-01-02T10:10:23","date_gmt":"2023-01-02T10:10:23","guid":{"rendered":"https:\/\/tintas2000.pt\/home\/?page_id=40002"},"modified":"2024-01-15T08:50:57","modified_gmt":"2024-01-15T08:50:57","slug":"direito-de-livre-resolucao-nos-contratos-celebrados-a-distancia-ou-celebrados-fora-do-estabelecimento","status":"publish","type":"page","link":"https:\/\/tintas2000.pt\/home\/direito-de-livre-resolucao-nos-contratos-celebrados-a-distancia-ou-celebrados-fora-do-estabelecimento\/","title":{"rendered":"Direito de Livre Resolu\u00e7\u00e3o nos Contratos Celebrados \u00e0 Dist\u00e2ncia ou Celebrados Fora do Estabelecimento"},"content":{"rendered":"\t\t<div data-elementor-type=\"wp-page\" data-elementor-id=\"40002\" class=\"elementor elementor-40002\" data-elementor-post-type=\"page\">\n\t\t\t\t\t\t<section class=\"elementor-section elementor-top-section elementor-element elementor-element-6c4ba46c elementor-section-boxed elementor-section-height-default elementor-section-height-default\" data-id=\"6c4ba46c\" data-element_type=\"section\" data-e-type=\"section\">\n\t\t\t\t\t\t<div class=\"elementor-container elementor-column-gap-default\">\n\t\t\t\t\t<div class=\"elementor-column elementor-col-100 elementor-top-column elementor-element elementor-element-64bb4a09\" data-id=\"64bb4a09\" data-element_type=\"column\" data-e-type=\"column\">\n\t\t\t<div class=\"elementor-widget-wrap elementor-element-populated\">\n\t\t\t\t\t\t<div class=\"elementor-element elementor-element-74e34cb4 elementor-widget elementor-widget-heading\" data-id=\"74e34cb4\" data-element_type=\"widget\" data-e-type=\"widget\" data-widget_type=\"heading.default\">\n\t\t\t\t<div class=\"elementor-widget-container\">\n\t\t\t\t\t<h2 class=\"elementor-heading-title elementor-size-default\"><b><span style=\",sans-serif\">Direito de Livre Resolu\u00e7\u00e3o nos Contratos Celebrados \u00e0 Dist\u00e2ncia<\/span><\/b><\/h2>\t\t\t\t<\/div>\n\t\t\t\t<\/div>\n\t\t\t\t<section class=\"elementor-section elementor-inner-section elementor-element elementor-element-55a414dc elementor-section-content-middle elementor-section-boxed elementor-section-height-default elementor-section-height-default\" data-id=\"55a414dc\" data-element_type=\"section\" data-e-type=\"section\">\n\t\t\t\t\t\t<div class=\"elementor-container elementor-column-gap-no\">\n\t\t\t\t\t<div class=\"elementor-column elementor-col-25 elementor-inner-column elementor-element elementor-element-4cdcebe6\" data-id=\"4cdcebe6\" data-element_type=\"column\" data-e-type=\"column\" data-settings=\"{&quot;background_background&quot;:&quot;classic&quot;}\">\n\t\t\t<div class=\"elementor-widget-wrap\">\n\t\t\t\t\t\t\t<\/div>\n\t\t<\/div>\n\t\t\t\t<div class=\"elementor-column elementor-col-25 elementor-inner-column elementor-element elementor-element-60be95fa\" data-id=\"60be95fa\" data-element_type=\"column\" data-e-type=\"column\">\n\t\t\t<div class=\"elementor-widget-wrap\">\n\t\t\t\t\t\t\t<\/div>\n\t\t<\/div>\n\t\t\t\t<div class=\"elementor-column elementor-col-25 elementor-inner-column elementor-element elementor-element-2ee72085\" data-id=\"2ee72085\" data-element_type=\"column\" data-e-type=\"column\">\n\t\t\t<div class=\"elementor-widget-wrap elementor-element-populated\">\n\t\t\t\t\t\t<div class=\"elementor-element elementor-element-304e8063 elementor-widget elementor-widget-text-editor\" data-id=\"304e8063\" data-element_type=\"widget\" data-e-type=\"widget\" data-widget_type=\"text-editor.default\">\n\t\t\t\t<div class=\"elementor-widget-container\">\n\t\t\t\t\t\t\t\t\t<p>TINTAS 2000 &gt; DIRETO DE LIVRE RESOLU\u00c7\u00c3O<\/p>\t\t\t\t\t\t\t\t<\/div>\n\t\t\t\t<\/div>\n\t\t\t\t\t<\/div>\n\t\t<\/div>\n\t\t\t\t<div class=\"elementor-column elementor-col-25 elementor-inner-column elementor-element elementor-element-285c8d41\" data-id=\"285c8d41\" data-element_type=\"column\" data-e-type=\"column\">\n\t\t\t<div class=\"elementor-widget-wrap\">\n\t\t\t\t\t\t\t<\/div>\n\t\t<\/div>\n\t\t\t\t\t<\/div>\n\t\t<\/section>\n\t\t\t\t\t<\/div>\n\t\t<\/div>\n\t\t\t\t\t<\/div>\n\t\t<\/section>\n\t\t\t\t<section class=\"elementor-section elementor-top-section elementor-element elementor-element-6638c95 elementor-section-boxed elementor-section-height-default elementor-section-height-default\" data-id=\"6638c95\" data-element_type=\"section\" data-e-type=\"section\">\n\t\t\t\t\t\t<div class=\"elementor-container elementor-column-gap-default\">\n\t\t\t\t\t<div class=\"elementor-column elementor-col-100 elementor-top-column elementor-element elementor-element-c68f52f\" data-id=\"c68f52f\" data-element_type=\"column\" data-e-type=\"column\">\n\t\t\t<div class=\"elementor-widget-wrap elementor-element-populated\">\n\t\t\t\t\t\t<div class=\"elementor-element elementor-element-abf4952 elementor-widget elementor-widget-text-editor\" data-id=\"abf4952\" data-element_type=\"widget\" data-e-type=\"widget\" data-widget_type=\"text-editor.default\">\n\t\t\t\t<div class=\"elementor-widget-container\">\n\t\t\t\t\t\t\t\t\t<p>1 &#8211; O consumidor tem o direito de resolver o contrato sem incorrer em quaisquer custos, para al\u00e9m dos estabelecidos no n.\u00ba 3 do artigo 12.\u00ba e no artigo 13.\u00ba do DL n.\u00ba 24\/2014, de 14 de Fevereiro quando for caso disso, e sem necessidade de indicar o motivo, no prazo de 14 dias ou, nos contratos celebrados fora do estabelecimento comercial a que se referem as subal\u00edneas ii) e v) da al\u00ednea i) do artigo 3.\u00ba do DL n.\u00ba 24\/2014, de 14 de Fevereiro, no prazo de 30 dias, a contar:<\/p><p style=\"padding-left: 80px;\">a) Do dia da celebra\u00e7\u00e3o do contrato, no caso dos contratos de presta\u00e7\u00e3o de servi\u00e7os;<\/p><p style=\"padding-left: 80px;\">b) Do dia em que o consumidor ou um terceiro, com exce\u00e7\u00e3o do transportador, indicado pelo consumidor adquira a posse f\u00edsica dos bens, no caso dos contratos de compra e venda, ou:<\/p><p style=\"padding-left: 120px;\">i) Do dia em que o consumidor ou um terceiro, com exce\u00e7\u00e3o do transportador, indicado pelo consumidor adquira a posse f\u00edsica do \u00faltimo bem, no caso de v\u00e1rios bens encomendados pelo consumidor numa \u00fanica encomenda e entregues separadamente,<\/p><p style=\"padding-left: 120px;\">ii) Do dia em que o consumidor ou um terceiro, com exce\u00e7\u00e3o do transportador, indicado pelo consumidor adquira a posse f\u00edsica do \u00faltimo lote ou elemento, no caso da entrega de um bem que consista em diversos lotes ou elementos,<\/p><p style=\"padding-left: 120px;\">iii) Do dia em que o consumidor ou um terceiro por ele indicado, que n\u00e3o seja o transportador, adquira a posse f\u00edsica do primeiro bem, no caso dos contratos de entrega peri\u00f3dica de bens durante um determinado per\u00edodo;<\/p><p>2 &#8211; O consumidor pode exercer o seu direito de livre resolu\u00e7\u00e3o atrav\u00e9s do envio do modelo de \u00abLivre resolu\u00e7\u00e3o\u00bb constante da parte B do anexo do decreto-lei n.\u00ba 24\/2014, 14 de fevereiro, o consumidor pode exercer o seu direito de livre resolu\u00e7\u00e3o atrav\u00e9s do envio do modelo de \u00abLivre resolu\u00e7\u00e3o\u00bb constante da parte B do anexo ao decreto-lei n.\u00ba 24\/2014, de 14 de fevereiro, ou atrav\u00e9s de qualquer outra declara\u00e7\u00e3o inequ\u00edvoca de resolu\u00e7\u00e3o do contrato.<\/p><p>3 &#8211; Para efeitos do previsto na lei considera-se inequ\u00edvoca a declara\u00e7\u00e3o em que o consumidor comunica, por palavras suas, a decis\u00e3o de resolver o contrato designadamente por carta, por contacto telef\u00f3nico, pela devolu\u00e7\u00e3o do bem ou por outro meio suscet\u00edvel de prova, nos termos gerais.<\/p><p>4 &#8211; Considera-se exercido o direito de livre resolu\u00e7\u00e3o pelo consumidor dentro do prazo quando a declara\u00e7\u00e3o de resolu\u00e7\u00e3o \u00e9 enviada antes do termo dos prazos referidos no n.\u00ba1 desta informa\u00e7\u00e3o.<\/p><p>5 &#8211; Incumbe ao consumidor a prova de que exerceu o direito de livre resolu\u00e7\u00e3o, nos termos do decreto-lei n.\u00ba 24\/2014, de 14 de fevereiro.<\/p><p>6 &#8211; O exerc\u00edcio do direito de livre resolu\u00e7\u00e3o extingue as obriga\u00e7\u00f5es de execu\u00e7\u00e3o do contrato e toda a efic\u00e1cia da proposta contratual, quando o consumidor tenha feito tal proposta.<\/p><p>7 &#8211; Para efeitos do decreto\u2013lei n.\u00ba 24\/2014, de 14 de fevereiro, considera-se inequ\u00edvoca a declara\u00e7\u00e3o em que o consumidor comunica, por palavras suas, a decis\u00e3o de resolver o contrato designadamente por carta, por contacto telef\u00f3nico, pela devolu\u00e7\u00e3o do bem ou por outro meio suscet\u00edvel de prova, nos termos gerais.<\/p><p>8 &#8211; Considera-se exercido o direito de livre resolu\u00e7\u00e3o pelo consumidor dentro do prazo quando a declara\u00e7\u00e3o de resolu\u00e7\u00e3o \u00e9 enviada antes do termo dos prazos referidos no n.\u00ba1 desta informa\u00e7\u00e3o.<\/p>\t\t\t\t\t\t\t\t<\/div>\n\t\t\t\t<\/div>\n\t\t\t\t\t<\/div>\n\t\t<\/div>\n\t\t\t\t\t<\/div>\n\t\t<\/section>\n\t\t\t\t<\/div>\n\t\t","protected":false},"excerpt":{"rendered":"<p>Direito de Livre Resolu\u00e7\u00e3o nos Contratos Celebrados \u00e0 Dist\u00e2ncia TINTAS 2000 &gt; DIRETO DE LIVRE RESOLU\u00c7\u00c3O 1 &#8211; O consumidor tem o direito de resolver o contrato sem incorrer em quaisquer custos, para al\u00e9m dos estabelecidos no n.\u00ba 3 do artigo 12.\u00ba e no artigo 13.\u00ba do DL n.\u00ba 24\/2014, de 14 de Fevereiro quando [&hellip;]<\/p>\n","protected":false},"author":1,"featured_media":0,"parent":0,"menu_order":0,"comment_status":"closed","ping_status":"closed","template":"","meta":{"_acf_changed":false,"footnotes":""},"class_list":["post-40002","page","type-page","status-publish","hentry"],"acf":[],"yoast_head":"<!-- This site is optimized with the Yoast SEO plugin v27.5 - https:\/\/yoast.com\/product\/yoast-seo-wordpress\/ -->\n<title>Direito de Livre Resolu\u00e7\u00e3o nos Contratos Celebrados \u00e0 Dist\u00e2ncia ou Celebrados Fora do Estabelecimento - Tintas 2000<\/title>\n<meta name=\"robots\" content=\"index, follow, max-snippet:-1, max-image-preview:large, max-video-preview:-1\" \/>\n<link rel=\"canonical\" href=\"https:\/\/tintas2000.pt\/home\/direito-de-livre-resolucao-nos-contratos-celebrados-a-distancia-ou-celebrados-fora-do-estabelecimento\/\" \/>\n<meta property=\"og:locale\" content=\"pt_PT\" \/>\n<meta property=\"og:type\" content=\"article\" \/>\n<meta property=\"og:title\" content=\"Direito de Livre Resolu\u00e7\u00e3o nos Contratos Celebrados \u00e0 Dist\u00e2ncia ou Celebrados Fora do Estabelecimento - Tintas 2000\" \/>\n<meta property=\"og:description\" content=\"Direito de Livre Resolu\u00e7\u00e3o nos Contratos Celebrados \u00e0 Dist\u00e2ncia TINTAS 2000 &gt; DIRETO DE LIVRE RESOLU\u00c7\u00c3O 1 &#8211; O consumidor tem o direito de resolver o contrato sem incorrer em quaisquer custos, para al\u00e9m dos estabelecidos no n.\u00ba 3 do artigo 12.\u00ba e no artigo 13.\u00ba do DL n.\u00ba 24\/2014, de 14 de Fevereiro quando [&hellip;]\" \/>\n<meta property=\"og:url\" content=\"https:\/\/tintas2000.pt\/home\/direito-de-livre-resolucao-nos-contratos-celebrados-a-distancia-ou-celebrados-fora-do-estabelecimento\/\" \/>\n<meta property=\"og:site_name\" content=\"Tintas 2000\" \/>\n<meta property=\"article:modified_time\" content=\"2024-01-15T08:50:57+00:00\" \/>\n<meta name=\"twitter:card\" content=\"summary_large_image\" \/>\n<meta name=\"twitter:label1\" content=\"Tempo estimado de leitura\" \/>\n\t<meta name=\"twitter:data1\" content=\"3 minutos\" \/>\n<script type=\"application\/ld+json\" class=\"yoast-schema-graph\">{\"@context\":\"https:\\\/\\\/schema.org\",\"@graph\":[{\"@type\":\"WebPage\",\"@id\":\"https:\\\/\\\/tintas2000.pt\\\/home\\\/direito-de-livre-resolucao-nos-contratos-celebrados-a-distancia-ou-celebrados-fora-do-estabelecimento\\\/\",\"url\":\"https:\\\/\\\/tintas2000.pt\\\/home\\\/direito-de-livre-resolucao-nos-contratos-celebrados-a-distancia-ou-celebrados-fora-do-estabelecimento\\\/\",\"name\":\"Direito de Livre Resolu\u00e7\u00e3o nos Contratos Celebrados \u00e0 Dist\u00e2ncia ou Celebrados Fora do Estabelecimento - Tintas 2000\",\"isPartOf\":{\"@id\":\"https:\\\/\\\/tintas2000.pt\\\/home\\\/#website\"},\"datePublished\":\"2023-01-02T10:10:23+00:00\",\"dateModified\":\"2024-01-15T08:50:57+00:00\",\"breadcrumb\":{\"@id\":\"https:\\\/\\\/tintas2000.pt\\\/home\\\/direito-de-livre-resolucao-nos-contratos-celebrados-a-distancia-ou-celebrados-fora-do-estabelecimento\\\/#breadcrumb\"},\"inLanguage\":\"pt-PT\",\"potentialAction\":[{\"@type\":\"ReadAction\",\"target\":[\"https:\\\/\\\/tintas2000.pt\\\/home\\\/direito-de-livre-resolucao-nos-contratos-celebrados-a-distancia-ou-celebrados-fora-do-estabelecimento\\\/\"]}]},{\"@type\":\"BreadcrumbList\",\"@id\":\"https:\\\/\\\/tintas2000.pt\\\/home\\\/direito-de-livre-resolucao-nos-contratos-celebrados-a-distancia-ou-celebrados-fora-do-estabelecimento\\\/#breadcrumb\",\"itemListElement\":[{\"@type\":\"ListItem\",\"position\":1,\"name\":\"In\u00edcio\",\"item\":\"https:\\\/\\\/tintas2000.pt\\\/home\\\/\"},{\"@type\":\"ListItem\",\"position\":2,\"name\":\"Direito de Livre Resolu\u00e7\u00e3o nos Contratos Celebrados \u00e0 Dist\u00e2ncia ou Celebrados Fora do Estabelecimento\"}]},{\"@type\":\"WebSite\",\"@id\":\"https:\\\/\\\/tintas2000.pt\\\/home\\\/#website\",\"url\":\"https:\\\/\\\/tintas2000.pt\\\/home\\\/\",\"name\":\"Tintas 2000\",\"description\":\"Tintas 2000\",\"potentialAction\":[{\"@type\":\"SearchAction\",\"target\":{\"@type\":\"EntryPoint\",\"urlTemplate\":\"https:\\\/\\\/tintas2000.pt\\\/home\\\/?s={search_term_string}\"},\"query-input\":{\"@type\":\"PropertyValueSpecification\",\"valueRequired\":true,\"valueName\":\"search_term_string\"}}],\"inLanguage\":\"pt-PT\"}]}<\/script>\n<!-- \/ Yoast SEO plugin. -->","yoast_head_json":{"title":"Direito de Livre Resolu\u00e7\u00e3o nos Contratos Celebrados \u00e0 Dist\u00e2ncia ou Celebrados Fora do Estabelecimento - Tintas 2000","robots":{"index":"index","follow":"follow","max-snippet":"max-snippet:-1","max-image-preview":"max-image-preview:large","max-video-preview":"max-video-preview:-1"},"canonical":"https:\/\/tintas2000.pt\/home\/direito-de-livre-resolucao-nos-contratos-celebrados-a-distancia-ou-celebrados-fora-do-estabelecimento\/","og_locale":"pt_PT","og_type":"article","og_title":"Direito de Livre Resolu\u00e7\u00e3o nos Contratos Celebrados \u00e0 Dist\u00e2ncia ou Celebrados Fora do Estabelecimento - Tintas 2000","og_description":"Direito de Livre Resolu\u00e7\u00e3o nos Contratos Celebrados \u00e0 Dist\u00e2ncia TINTAS 2000 &gt; DIRETO DE LIVRE RESOLU\u00c7\u00c3O 1 &#8211; O consumidor tem o direito de resolver o contrato sem incorrer em quaisquer custos, para al\u00e9m dos estabelecidos no n.\u00ba 3 do artigo 12.\u00ba e no artigo 13.\u00ba do DL n.\u00ba 24\/2014, de 14 de Fevereiro quando [&hellip;]","og_url":"https:\/\/tintas2000.pt\/home\/direito-de-livre-resolucao-nos-contratos-celebrados-a-distancia-ou-celebrados-fora-do-estabelecimento\/","og_site_name":"Tintas 2000","article_modified_time":"2024-01-15T08:50:57+00:00","twitter_card":"summary_large_image","twitter_misc":{"Tempo estimado de leitura":"3 minutos"},"schema":{"@context":"https:\/\/schema.org","@graph":[{"@type":"WebPage","@id":"https:\/\/tintas2000.pt\/home\/direito-de-livre-resolucao-nos-contratos-celebrados-a-distancia-ou-celebrados-fora-do-estabelecimento\/","url":"https:\/\/tintas2000.pt\/home\/direito-de-livre-resolucao-nos-contratos-celebrados-a-distancia-ou-celebrados-fora-do-estabelecimento\/","name":"Direito de Livre Resolu\u00e7\u00e3o nos Contratos Celebrados \u00e0 Dist\u00e2ncia ou Celebrados Fora do Estabelecimento - Tintas 2000","isPartOf":{"@id":"https:\/\/tintas2000.pt\/home\/#website"},"datePublished":"2023-01-02T10:10:23+00:00","dateModified":"2024-01-15T08:50:57+00:00","breadcrumb":{"@id":"https:\/\/tintas2000.pt\/home\/direito-de-livre-resolucao-nos-contratos-celebrados-a-distancia-ou-celebrados-fora-do-estabelecimento\/#breadcrumb"},"inLanguage":"pt-PT","potentialAction":[{"@type":"ReadAction","target":["https:\/\/tintas2000.pt\/home\/direito-de-livre-resolucao-nos-contratos-celebrados-a-distancia-ou-celebrados-fora-do-estabelecimento\/"]}]},{"@type":"BreadcrumbList","@id":"https:\/\/tintas2000.pt\/home\/direito-de-livre-resolucao-nos-contratos-celebrados-a-distancia-ou-celebrados-fora-do-estabelecimento\/#breadcrumb","itemListElement":[{"@type":"ListItem","position":1,"name":"In\u00edcio","item":"https:\/\/tintas2000.pt\/home\/"},{"@type":"ListItem","position":2,"name":"Direito de Livre Resolu\u00e7\u00e3o nos Contratos Celebrados \u00e0 Dist\u00e2ncia ou Celebrados Fora do Estabelecimento"}]},{"@type":"WebSite","@id":"https:\/\/tintas2000.pt\/home\/#website","url":"https:\/\/tintas2000.pt\/home\/","name":"Tintas 2000","description":"Tintas 2000","potentialAction":[{"@type":"SearchAction","target":{"@type":"EntryPoint","urlTemplate":"https:\/\/tintas2000.pt\/home\/?s={search_term_string}"},"query-input":{"@type":"PropertyValueSpecification","valueRequired":true,"valueName":"search_term_string"}}],"inLanguage":"pt-PT"}]}},"_links":{"self":[{"href":"https:\/\/tintas2000.pt\/home\/wp-json\/wp\/v2\/pages\/40002","targetHints":{"allow":["GET"]}}],"collection":[{"href":"https:\/\/tintas2000.pt\/home\/wp-json\/wp\/v2\/pages"}],"about":[{"href":"https:\/\/tintas2000.pt\/home\/wp-json\/wp\/v2\/types\/page"}],"author":[{"embeddable":true,"href":"https:\/\/tintas2000.pt\/home\/wp-json\/wp\/v2\/users\/1"}],"replies":[{"embeddable":true,"href":"https:\/\/tintas2000.pt\/home\/wp-json\/wp\/v2\/comments?post=40002"}],"version-history":[{"count":0,"href":"https:\/\/tintas2000.pt\/home\/wp-json\/wp\/v2\/pages\/40002\/revisions"}],"wp:attachment":[{"href":"https:\/\/tintas2000.pt\/home\/wp-json\/wp\/v2\/media?parent=40002"}],"curies":[{"name":"wp","href":"https:\/\/api.w.org\/{rel}","templated":true}]}}