{"id":40065,"date":"2023-01-11T11:44:39","date_gmt":"2023-01-11T11:44:39","guid":{"rendered":"https:\/\/tintas2000.pt\/home\/?page_id=40065"},"modified":"2023-01-11T11:55:56","modified_gmt":"2023-01-11T11:55:56","slug":"informacao-pre-contratual-nos-contratos-celebrados-a-distancia","status":"publish","type":"page","link":"https:\/\/tintas2000.pt\/home\/informacao-pre-contratual-nos-contratos-celebrados-a-distancia\/","title":{"rendered":"Informa\u00e7\u00e3o pr\u00e9-contratual nos contratos celebrados \u00e0 dist\u00e2ncia\u00a0"},"content":{"rendered":"\t\t<div data-elementor-type=\"wp-page\" data-elementor-id=\"40065\" class=\"elementor elementor-40065\" data-elementor-post-type=\"page\">\n\t\t\t\t\t\t<section class=\"elementor-section elementor-top-section elementor-element elementor-element-6c4ba46c elementor-section-boxed elementor-section-height-default elementor-section-height-default\" data-id=\"6c4ba46c\" data-element_type=\"section\" data-e-type=\"section\">\n\t\t\t\t\t\t<div class=\"elementor-container elementor-column-gap-default\">\n\t\t\t\t\t<div class=\"elementor-column elementor-col-100 elementor-top-column elementor-element elementor-element-64bb4a09\" data-id=\"64bb4a09\" data-element_type=\"column\" data-e-type=\"column\">\n\t\t\t<div class=\"elementor-widget-wrap elementor-element-populated\">\n\t\t\t\t\t\t<div class=\"elementor-element elementor-element-74e34cb4 elementor-widget elementor-widget-heading\" data-id=\"74e34cb4\" data-element_type=\"widget\" data-e-type=\"widget\" data-widget_type=\"heading.default\">\n\t\t\t\t<div class=\"elementor-widget-container\">\n\t\t\t\t\t<h2 class=\"elementor-heading-title elementor-size-default\"><b><span style=\",sans-serif\">Informa\u00e7\u00e3o pr\u00e9-contratual nos contratos celebrados \u00e0 dist\u00e2ncia<\/span><\/b><\/h2>\t\t\t\t<\/div>\n\t\t\t\t<\/div>\n\t\t\t\t<section class=\"elementor-section elementor-inner-section elementor-element elementor-element-55a414dc elementor-section-content-middle elementor-section-boxed elementor-section-height-default elementor-section-height-default\" data-id=\"55a414dc\" data-element_type=\"section\" data-e-type=\"section\">\n\t\t\t\t\t\t<div class=\"elementor-container elementor-column-gap-no\">\n\t\t\t\t\t<div class=\"elementor-column elementor-col-25 elementor-inner-column elementor-element elementor-element-4cdcebe6\" data-id=\"4cdcebe6\" data-element_type=\"column\" data-e-type=\"column\" data-settings=\"{&quot;background_background&quot;:&quot;classic&quot;}\">\n\t\t\t<div class=\"elementor-widget-wrap\">\n\t\t\t\t\t\t\t<\/div>\n\t\t<\/div>\n\t\t\t\t<div class=\"elementor-column elementor-col-25 elementor-inner-column elementor-element elementor-element-60be95fa\" data-id=\"60be95fa\" data-element_type=\"column\" data-e-type=\"column\">\n\t\t\t<div class=\"elementor-widget-wrap\">\n\t\t\t\t\t\t\t<\/div>\n\t\t<\/div>\n\t\t\t\t<div class=\"elementor-column elementor-col-25 elementor-inner-column elementor-element elementor-element-2ee72085\" data-id=\"2ee72085\" data-element_type=\"column\" data-e-type=\"column\">\n\t\t\t<div class=\"elementor-widget-wrap elementor-element-populated\">\n\t\t\t\t\t\t<div class=\"elementor-element elementor-element-304e8063 elementor-widget elementor-widget-text-editor\" data-id=\"304e8063\" data-element_type=\"widget\" data-e-type=\"widget\" data-widget_type=\"text-editor.default\">\n\t\t\t\t<div class=\"elementor-widget-container\">\n\t\t\t\t\t\t\t\t\t<p>TINTAS 2000 &gt; INFORMA\u00c7\u00c3O PR\u00c9-CONTRATUAL<\/p>\t\t\t\t\t\t\t\t<\/div>\n\t\t\t\t<\/div>\n\t\t\t\t\t<\/div>\n\t\t<\/div>\n\t\t\t\t<div class=\"elementor-column elementor-col-25 elementor-inner-column elementor-element elementor-element-285c8d41\" data-id=\"285c8d41\" data-element_type=\"column\" data-e-type=\"column\">\n\t\t\t<div class=\"elementor-widget-wrap\">\n\t\t\t\t\t\t\t<\/div>\n\t\t<\/div>\n\t\t\t\t\t<\/div>\n\t\t<\/section>\n\t\t\t\t\t<\/div>\n\t\t<\/div>\n\t\t\t\t\t<\/div>\n\t\t<\/section>\n\t\t\t\t<section class=\"elementor-section elementor-top-section elementor-element elementor-element-6638c95 elementor-section-boxed elementor-section-height-default elementor-section-height-default\" data-id=\"6638c95\" data-element_type=\"section\" data-e-type=\"section\">\n\t\t\t\t\t\t<div class=\"elementor-container elementor-column-gap-default\">\n\t\t\t\t\t<div class=\"elementor-column elementor-col-100 elementor-top-column elementor-element elementor-element-c68f52f\" data-id=\"c68f52f\" data-element_type=\"column\" data-e-type=\"column\">\n\t\t\t<div class=\"elementor-widget-wrap elementor-element-populated\">\n\t\t\t\t\t\t<div class=\"elementor-element elementor-element-abf4952 elementor-widget elementor-widget-text-editor\" data-id=\"abf4952\" data-element_type=\"widget\" data-e-type=\"widget\" data-widget_type=\"text-editor.default\">\n\t\t\t\t<div class=\"elementor-widget-container\">\n\t\t\t\t\t\t\t\t\t<p>1. Antes de o consumidor se vincular a um contrato celebrado \u00e0 dist\u00e2ncia, ou por uma proposta correspondente, o fornecedor de bens ou prestador de servi\u00e7os deve facultar-lhe, em tempo \u00fatil e de forma clara e compreens\u00edvel, as seguintes informa\u00e7\u00f5es:<\/p><p style=\"padding-left: 40px;\"><span data-contrast=\"auto\">a) Identidade do fornecedor de bens ou do prestador de servi\u00e7os, incluindo o nome, a firma ou denomina\u00e7\u00e3o social, o endere\u00e7o f\u00edsico onde se encontra estabelecido, o n\u00famero de telefone e o endere\u00e7o eletr\u00f3nico, caso existam, de modo a permitir ao consumidor contact\u00e1-lo e comunicar de forma r\u00e1pida e eficaz;<\/span><br \/><span data-contrast=\"auto\">b) Quando aplic\u00e1vel, o endere\u00e7o f\u00edsico e identidade do profissional que atue por conta ou em nome do fornecedor de bens ou prestador de servi\u00e7os;<\/span><br \/><span data-contrast=\"auto\">c) O endere\u00e7o f\u00edsico do estabelecimento comercial do profissional, no caso de ser diferente do endere\u00e7o comunicado nos termos das al\u00edneas anteriores e, se aplic\u00e1vel, o endere\u00e7o f\u00edsico do profissional por conta de quem atua, onde o consumidor possa apresentar uma reclama\u00e7\u00e3o.<\/span><br \/><span data-contrast=\"auto\">d) Caracter\u00edsticas essenciais do bem ou servi\u00e7o, na medida adequada ao suporte utilizado e ao bem ou servi\u00e7o objeto do contrato;<\/span><br \/><span data-contrast=\"auto\">e) Pre\u00e7o total do bem ou servi\u00e7o, incluindo taxas e impostos, encargos suplementares de transporte, despesas postais ou de entrega ou quaisquer outros encargos que no caso caibam;<\/span><br \/><span data-contrast=\"auto\">f) O modo de c\u00e1lculo do pre\u00e7o, incluindo tudo o que se refira a quaisquer encargos suplementares de transporte, de entrega e postais, e quaisquer outros custos, quando a natureza do bem ou servi\u00e7o n\u00e3o permita o c\u00e1lculo em momento anterior \u00e0 celebra\u00e7\u00e3o do contrato;<\/span><br \/><span data-contrast=\"auto\">g) A indica\u00e7\u00e3o de que podem ser devidos encargos suplementares de transporte, de entrega e postais, e quaisquer outros custos, quando tais encargos n\u00e3o possam ser razoavelmente calculados antes da celebra\u00e7\u00e3o do contrato;<\/span><br \/><span data-contrast=\"auto\">h) O pre\u00e7o total, que deve incluir os custos totais, por per\u00edodo de fatura\u00e7\u00e3o, no caso de um contrato de dura\u00e7\u00e3o indeterminada ou que inclua uma assinatura de periodicidade;<\/span><br \/><span data-contrast=\"auto\">i) O pre\u00e7o total equivalente \u00e0 totalidade dos encargos mensais ou de outra periodicidade, no caso de um contrato com uma tarifa fixa, devendo ser comunicado o modo de c\u00e1lculo do pre\u00e7o quando for imposs\u00edvel o seu c\u00e1lculo em momento anterior \u00e0 celebra\u00e7\u00e3o do contrato;<\/span><br \/><span data-contrast=\"auto\">j) Modalidades de pagamento, de entrega, de execu\u00e7\u00e3o, a data-limite em que se compromete a entregar o bem ou a prestar o servi\u00e7o, e, se for o caso, o sistema de tratamento de reclama\u00e7\u00f5es dos consumidores pelo fornecedor de bens ou prestador de servi\u00e7os;<\/span><br \/><span data-contrast=\"auto\">l) A informa\u00e7\u00e3o de que o pre\u00e7o foi personalizado com base numa decis\u00e3o automatizada, quando aplic\u00e1vel;<\/span><br \/><span data-contrast=\"auto\">m) Quando seja o caso, a exist\u00eancia do direito de livre resolu\u00e7\u00e3o do contrato, o respetivo prazo e o procedimento para o exerc\u00edcio do direito, com entrega do formul\u00e1rio de livre resolu\u00e7\u00e3o constante da parte B do anexo do decreto-lei 24\/2014, de 14 de fevereiro;<\/span><br \/><span data-contrast=\"auto\">n) Quando seja o caso, a indica\u00e7\u00e3o de que o consumidor suporta os custos da devolu\u00e7\u00e3o dos bens em caso de exerc\u00edcio do direito de livre resolu\u00e7\u00e3o e o montante desses custos, se os bens, pela sua natureza, n\u00e3o puderem ser devolvidos normalmente pelo correio normal;<\/span><br \/><span data-contrast=\"auto\">o) A obriga\u00e7\u00e3o de o consumidor pagar ao prestador de servi\u00e7os um determinado montante, proporcional ao servi\u00e7o j\u00e1 prestado, sempre que o consumidor exer\u00e7a o direito de livre resolu\u00e7\u00e3o depois de ter apresentado o pedido de presta\u00e7\u00e3o de servi\u00e7os durante o per\u00edodo de livre resolu\u00e7\u00e3o;<\/span><br \/><span data-contrast=\"auto\">p) Quando n\u00e3o haja direito de livre resolu\u00e7\u00e3o, nos termos do artigo 17.\u00ba do D.L. 24\/2014, de 14 de fevereiro, a indica\u00e7\u00e3o de que o consumidor n\u00e3o beneficia desse direito ou, se for caso disso, as circunst\u00e2ncias em que o consumidor perde o seu direito de livre resolu\u00e7\u00e3o;<\/span><br \/><span data-contrast=\"auto\">q) Custo de utiliza\u00e7\u00e3o da t\u00e9cnica de comunica\u00e7\u00e3o \u00e0 dist\u00e2ncia, quando calculado em refer\u00eancia a uma tarifa que n\u00e3o seja a tarifa base;<\/span><br \/><span data-contrast=\"auto\">r) A dura\u00e7\u00e3o do contrato, quando n\u00e3o seja indefinida ou instant\u00e2nea, ou, em caso de contrato de fornecimento de bens ou presta\u00e7\u00e3o de servi\u00e7os de execu\u00e7\u00e3o continuada ou peri\u00f3dica ou de renova\u00e7\u00e3o autom\u00e1tica, os requisitos da den\u00fancia, incluindo, quando for o caso, o regime de contrapartidas estabelecidas para a cessa\u00e7\u00e3o antecipada dos contratos sujeitos a per\u00edodos contratuais m\u00ednimos;<\/span><br \/><span data-contrast=\"auto\">s) A exist\u00eancia e o prazo da garantia de conformidade dos bens, dos conte\u00fados ou servi\u00e7os digitais, quando seja aplic\u00e1vel o regime jur\u00eddico da venda de bens de consumo constante do Decreto-Lei n.\u00ba 84\/2021, de 18 de outubro;<\/span><br \/><span data-contrast=\"auto\">t) A exist\u00eancia e condi\u00e7\u00f5es de assist\u00eancia p\u00f3s-venda, de servi\u00e7os p\u00f3s-venda e de garantias comerciais quando for o caso;<\/span><br \/><span data-contrast=\"auto\">u) A exist\u00eancia de c\u00f3digos de conduta relevantes, quando os haja, e o modo de obter as respetivas c\u00f3pias;<\/span><br \/><span data-contrast=\"auto\">v) A dura\u00e7\u00e3o m\u00ednima das obriga\u00e7\u00f5es dos consumidores decorrentes do contrato, quando for o caso;<\/span><br \/><span data-contrast=\"auto\">x) A exist\u00eancia de dep\u00f3sitos ou outras garantias financeiras e respetivas condi\u00e7\u00f5es a pagar ou prestar pelo consumidor a pedido do profissional, quando as houver;<\/span><span data-ccp-props=\"{&quot;201341983&quot;:0,&quot;335559739&quot;:160,&quot;335559740&quot;:259}\">\u00a0<\/span><\/p><p><span data-ccp-props=\"{&quot;201341983&quot;:0,&quot;335559739&quot;:160,&quot;335559740&quot;:259}\">\u00a0<\/span><\/p><p>2. Sem preju\u00edzo do disposto na al\u00ednea a) do n\u00famero anterior, no caso de o fornecedor de bens ou prestador de servi\u00e7os fornecer outro meio de comunica\u00e7\u00e3o em linha que permita ao consumidor conservar toda a correspond\u00eancia escrita mantida, inclusive a data e a hora da correspond\u00eancia, num suporte duradouro, a informa\u00e7\u00e3o deve incluir dados pormenorizados sobre esse outro meio que deve permitir o contacto r\u00e1pido e eficaz com o profissional.<br \/>3.\u00a0As informa\u00e7\u00f5es determinadas nas al\u00edneas l), m) e n) do n\u00famero 1 podem ser prestadas mediante o modelo de informa\u00e7\u00e3o sobre o direito de livre resolu\u00e7\u00e3o constante da parte A do anexo ao D.L. N.\u00ba 24\/2014, de 14 de fevereiro, considerando-se que o fornecedor de bens ou prestador de servi\u00e7os cumpriu o dever de informa\u00e7\u00e3o quanto a esses elementos, se tiver entregado essas instru\u00e7\u00f5es ao consumidor corretamente preenchidas.<br \/>4. As informa\u00e7\u00f5es a que se refere o n.\u00ba 1 integram o contrato celebrado \u00e0 dist\u00e2ncia, n\u00e3o podendo o respetivo conte\u00fado ser alterado, salvo acordo expresso das partes em contr\u00e1rio anterior \u00e0 celebra\u00e7\u00e3o do contrato.<br \/>5. Em caso de incumprimento do dever de informa\u00e7\u00e3o quanto aos encargos suplementares ou outros custos referidos nas al\u00edneas e), f), g), h) e i) ou quanto aos custos de devolu\u00e7\u00e3o dos bens referidos na al\u00ednea m), ambas do n.\u00ba 1, o consumidor fica desobrigado desses custos ou encargos.<br \/>6. Incumbe ao fornecedor de bens ou prestador de servi\u00e7os a prova do cumprimento dos deveres de informa\u00e7\u00e3o estabelecidos no presente artigo.<span data-ccp-props=\"{&quot;201341983&quot;:0,&quot;335559739&quot;:160,&quot;335559740&quot;:259}\">\u00a0<\/span><\/p><p><span data-ccp-props=\"{&quot;201341983&quot;:0,&quot;335559739&quot;:160,&quot;335559740&quot;:259}\">\u00a0<\/span><\/p><p><strong>Requisitos de forma nos contratos celebrados \u00e0 dist\u00e2ncia\u00a0<\/strong><\/p><p>1 &#8211; As informa\u00e7\u00f5es a que se refere a informa\u00e7\u00e3o pr\u00e9-contratual nos contratos celebrados \u00e0 dist\u00e2ncia, devem ser prestadas de forma clara e compreens\u00edvel por meio adequado \u00e0 t\u00e9cnica de comunica\u00e7\u00e3o \u00e0 dist\u00e2ncia utilizada, com respeito pelos princ\u00edpios da boa-f\u00e9, da lealdade nas transa\u00e7\u00f5es comerciais e da prote\u00e7\u00e3o das pessoas incapazes, em especial dos menores.<br \/>2 &#8211; Quando, num contrato celebrado \u00e0 dist\u00e2ncia por via eletr\u00f3nica, a encomenda pelo consumidor implicar uma obriga\u00e7\u00e3o de pagamento, o fornecedor de bens ou prestador de servi\u00e7os deve dar ao consumidor, de forma clara e bem vis\u00edvel, e imediatamente antes de o consumidor concluir a encomenda, as informa\u00e7\u00f5es pr\u00e9-contratuais previstas nas al\u00edneas d), e), f), g), h), i), q) e u) do n.\u00ba 1 do ponto anterior.<br \/>3 &#8211; Para o cumprimento do disposto no n\u00famero anterior, o fornecedor de bens ou prestador de servi\u00e7os deve garantir que o consumidor, ao concluir a encomenda confirma, de forma expressa e consciente, que a encomenda implica a obriga\u00e7\u00e3o de pagamento.<br \/>4 &#8211; Quando a conclus\u00e3o da encomenda implicar a ativa\u00e7\u00e3o de um bot\u00e3o ou fun\u00e7\u00e3o semelhante, o bot\u00e3o ou a referida fun\u00e7\u00e3o \u00e9 identificada de forma facilmente leg\u00edvel, apenas com a express\u00e3o \u00abencomenda com obriga\u00e7\u00e3o de pagar\u00bb ou uma formula\u00e7\u00e3o correspondente e inequ\u00edvoca, que indique que a realiza\u00e7\u00e3o da encomenda implica uma obriga\u00e7\u00e3o de pagamento ao profissional.<br \/>5 &#8211; Sem preju\u00edzo do dever de comunica\u00e7\u00e3o das restantes informa\u00e7\u00f5es constantes do n.\u00ba 1 da Informa\u00e7\u00e3o pr\u00e9-contratual nos contratos celebrados \u00e0 dist\u00e2ncia, de acordo com o meio de comunica\u00e7\u00e3o \u00e0 dist\u00e2ncia utilizado, quando o contrato for celebrado atrav\u00e9s de um meio de comunica\u00e7\u00e3o \u00e0 dist\u00e2ncia com espa\u00e7o ou tempo limitados para divulgar a informa\u00e7\u00e3o, o fornecedor de bens ou prestador de servi\u00e7os deve facultar, nesse ou atrav\u00e9s desse meio espec\u00edfico, antes da celebra\u00e7\u00e3o do referido contrato, pelo menos, as informa\u00e7\u00f5es pr\u00e9-contratuais relativas \u00e0s caracter\u00edsticas principais dos bens ou servi\u00e7os, \u00e0 identidade do profissional, ao pre\u00e7o total, ao direito de retrata\u00e7\u00e3o, ao per\u00edodo de vig\u00eancia do contrato e, se este for de dura\u00e7\u00e3o indeterminada, \u00e0s condi\u00e7\u00f5es para a sua rescis\u00e3o, referidas nas al\u00edneas a), d), e), f), g), h), i), m) e r) do n.\u00ba 1 do ponto anterior, com exce\u00e7\u00e3o do modelo de formul\u00e1rio de retrata\u00e7\u00e3o previsto no anexo I, parte B, do D.L. 24\/2014, 14 de fevereiro.<br \/>6 &#8211; Para al\u00e9m das informa\u00e7\u00f5es mencionadas no n\u00famero anterior, as restantes informa\u00e7\u00f5es previstas, incluindo o modelo de formul\u00e1rio de retrata\u00e7\u00e3o, devem ser fornecidas pelo fornecedor de bens ou prestador de servi\u00e7os ao consumidor de forma adequada.<br \/>7 &#8211; Em caso de comunica\u00e7\u00e3o por via telef\u00f3nica, a identidade do fornecedor do bem ou prestador de servi\u00e7os ou do profissional que atue em seu nome ou por sua conta e o objetivo comercial da chamada devem ser explicitamente comunicados no in\u00edcio de qualquer contacto com o consumidor.<br \/>8 &#8211; Quando o contrato for celebrado por telefone, o consumidor s\u00f3 fica vinculado depois de assinar a oferta ou enviar o seu consentimento escrito ao fornecedor de bens ou prestador de servi\u00e7os, exceto nos casos em que o primeiro contacto telef\u00f3nico seja efetuado pelo pr\u00f3prio consumidor.<br \/>9 &#8211; Se o fornecedor de bens ou prestador de servi\u00e7os n\u00e3o observar o disposto nos n.os 2, 3 e 4, o consumidor n\u00e3o fica vinculado ao contrato<\/p>\t\t\t\t\t\t\t\t<\/div>\n\t\t\t\t<\/div>\n\t\t\t\t\t<\/div>\n\t\t<\/div>\n\t\t\t\t\t<\/div>\n\t\t<\/section>\n\t\t\t\t<\/div>\n\t\t","protected":false},"excerpt":{"rendered":"<p>Informa\u00e7\u00e3o pr\u00e9-contratual nos contratos celebrados \u00e0 dist\u00e2ncia TINTAS 2000 &gt; INFORMA\u00c7\u00c3O PR\u00c9-CONTRATUAL 1. Antes de o consumidor se vincular a um contrato celebrado \u00e0 dist\u00e2ncia, ou por uma proposta correspondente, o fornecedor de bens ou prestador de servi\u00e7os deve facultar-lhe, em tempo \u00fatil e de forma clara e compreens\u00edvel, as seguintes informa\u00e7\u00f5es: a) Identidade do [&hellip;]<\/p>\n","protected":false},"author":1,"featured_media":0,"parent":0,"menu_order":0,"comment_status":"closed","ping_status":"closed","template":"","meta":{"_acf_changed":false,"footnotes":""},"class_list":["post-40065","page","type-page","status-publish","hentry"],"acf":[],"yoast_head":"<!-- This site is optimized with the Yoast SEO plugin v27.5 - https:\/\/yoast.com\/product\/yoast-seo-wordpress\/ -->\n<title>Informa\u00e7\u00e3o pr\u00e9-contratual nos contratos celebrados \u00e0 dist\u00e2ncia\u00a0 - Tintas 2000<\/title>\n<meta name=\"robots\" content=\"index, follow, max-snippet:-1, max-image-preview:large, max-video-preview:-1\" \/>\n<link rel=\"canonical\" href=\"https:\/\/tintas2000.pt\/home\/informacao-pre-contratual-nos-contratos-celebrados-a-distancia\/\" \/>\n<meta property=\"og:locale\" content=\"pt_PT\" \/>\n<meta property=\"og:type\" content=\"article\" \/>\n<meta property=\"og:title\" content=\"Informa\u00e7\u00e3o pr\u00e9-contratual nos contratos celebrados \u00e0 dist\u00e2ncia\u00a0 - Tintas 2000\" \/>\n<meta property=\"og:description\" content=\"Informa\u00e7\u00e3o pr\u00e9-contratual nos contratos celebrados \u00e0 dist\u00e2ncia TINTAS 2000 &gt; INFORMA\u00c7\u00c3O PR\u00c9-CONTRATUAL 1. Antes de o consumidor se vincular a um contrato celebrado \u00e0 dist\u00e2ncia, ou por uma proposta correspondente, o fornecedor de bens ou prestador de servi\u00e7os deve facultar-lhe, em tempo \u00fatil e de forma clara e compreens\u00edvel, as seguintes informa\u00e7\u00f5es: a) Identidade do [&hellip;]\" \/>\n<meta property=\"og:url\" content=\"https:\/\/tintas2000.pt\/home\/informacao-pre-contratual-nos-contratos-celebrados-a-distancia\/\" \/>\n<meta property=\"og:site_name\" content=\"Tintas 2000\" \/>\n<meta property=\"article:modified_time\" content=\"2023-01-11T11:55:56+00:00\" \/>\n<meta name=\"twitter:card\" content=\"summary_large_image\" \/>\n<meta name=\"twitter:label1\" content=\"Tempo estimado de leitura\" \/>\n\t<meta name=\"twitter:data1\" content=\"9 minutos\" \/>\n<script type=\"application\/ld+json\" class=\"yoast-schema-graph\">{\"@context\":\"https:\\\/\\\/schema.org\",\"@graph\":[{\"@type\":\"WebPage\",\"@id\":\"https:\\\/\\\/tintas2000.pt\\\/home\\\/informacao-pre-contratual-nos-contratos-celebrados-a-distancia\\\/\",\"url\":\"https:\\\/\\\/tintas2000.pt\\\/home\\\/informacao-pre-contratual-nos-contratos-celebrados-a-distancia\\\/\",\"name\":\"Informa\u00e7\u00e3o pr\u00e9-contratual nos contratos celebrados \u00e0 dist\u00e2ncia\u00a0 - Tintas 2000\",\"isPartOf\":{\"@id\":\"https:\\\/\\\/tintas2000.pt\\\/home\\\/#website\"},\"datePublished\":\"2023-01-11T11:44:39+00:00\",\"dateModified\":\"2023-01-11T11:55:56+00:00\",\"breadcrumb\":{\"@id\":\"https:\\\/\\\/tintas2000.pt\\\/home\\\/informacao-pre-contratual-nos-contratos-celebrados-a-distancia\\\/#breadcrumb\"},\"inLanguage\":\"pt-PT\",\"potentialAction\":[{\"@type\":\"ReadAction\",\"target\":[\"https:\\\/\\\/tintas2000.pt\\\/home\\\/informacao-pre-contratual-nos-contratos-celebrados-a-distancia\\\/\"]}]},{\"@type\":\"BreadcrumbList\",\"@id\":\"https:\\\/\\\/tintas2000.pt\\\/home\\\/informacao-pre-contratual-nos-contratos-celebrados-a-distancia\\\/#breadcrumb\",\"itemListElement\":[{\"@type\":\"ListItem\",\"position\":1,\"name\":\"In\u00edcio\",\"item\":\"https:\\\/\\\/tintas2000.pt\\\/home\\\/\"},{\"@type\":\"ListItem\",\"position\":2,\"name\":\"Informa\u00e7\u00e3o pr\u00e9-contratual nos contratos celebrados \u00e0 dist\u00e2ncia\u00a0\"}]},{\"@type\":\"WebSite\",\"@id\":\"https:\\\/\\\/tintas2000.pt\\\/home\\\/#website\",\"url\":\"https:\\\/\\\/tintas2000.pt\\\/home\\\/\",\"name\":\"Tintas 2000\",\"description\":\"Tintas 2000\",\"potentialAction\":[{\"@type\":\"SearchAction\",\"target\":{\"@type\":\"EntryPoint\",\"urlTemplate\":\"https:\\\/\\\/tintas2000.pt\\\/home\\\/?s={search_term_string}\"},\"query-input\":{\"@type\":\"PropertyValueSpecification\",\"valueRequired\":true,\"valueName\":\"search_term_string\"}}],\"inLanguage\":\"pt-PT\"}]}<\/script>\n<!-- \/ Yoast SEO plugin. -->","yoast_head_json":{"title":"Informa\u00e7\u00e3o pr\u00e9-contratual nos contratos celebrados \u00e0 dist\u00e2ncia\u00a0 - Tintas 2000","robots":{"index":"index","follow":"follow","max-snippet":"max-snippet:-1","max-image-preview":"max-image-preview:large","max-video-preview":"max-video-preview:-1"},"canonical":"https:\/\/tintas2000.pt\/home\/informacao-pre-contratual-nos-contratos-celebrados-a-distancia\/","og_locale":"pt_PT","og_type":"article","og_title":"Informa\u00e7\u00e3o pr\u00e9-contratual nos contratos celebrados \u00e0 dist\u00e2ncia\u00a0 - Tintas 2000","og_description":"Informa\u00e7\u00e3o pr\u00e9-contratual nos contratos celebrados \u00e0 dist\u00e2ncia TINTAS 2000 &gt; INFORMA\u00c7\u00c3O PR\u00c9-CONTRATUAL 1. Antes de o consumidor se vincular a um contrato celebrado \u00e0 dist\u00e2ncia, ou por uma proposta correspondente, o fornecedor de bens ou prestador de servi\u00e7os deve facultar-lhe, em tempo \u00fatil e de forma clara e compreens\u00edvel, as seguintes informa\u00e7\u00f5es: a) Identidade do [&hellip;]","og_url":"https:\/\/tintas2000.pt\/home\/informacao-pre-contratual-nos-contratos-celebrados-a-distancia\/","og_site_name":"Tintas 2000","article_modified_time":"2023-01-11T11:55:56+00:00","twitter_card":"summary_large_image","twitter_misc":{"Tempo estimado de leitura":"9 minutos"},"schema":{"@context":"https:\/\/schema.org","@graph":[{"@type":"WebPage","@id":"https:\/\/tintas2000.pt\/home\/informacao-pre-contratual-nos-contratos-celebrados-a-distancia\/","url":"https:\/\/tintas2000.pt\/home\/informacao-pre-contratual-nos-contratos-celebrados-a-distancia\/","name":"Informa\u00e7\u00e3o pr\u00e9-contratual nos contratos celebrados \u00e0 dist\u00e2ncia\u00a0 - Tintas 2000","isPartOf":{"@id":"https:\/\/tintas2000.pt\/home\/#website"},"datePublished":"2023-01-11T11:44:39+00:00","dateModified":"2023-01-11T11:55:56+00:00","breadcrumb":{"@id":"https:\/\/tintas2000.pt\/home\/informacao-pre-contratual-nos-contratos-celebrados-a-distancia\/#breadcrumb"},"inLanguage":"pt-PT","potentialAction":[{"@type":"ReadAction","target":["https:\/\/tintas2000.pt\/home\/informacao-pre-contratual-nos-contratos-celebrados-a-distancia\/"]}]},{"@type":"BreadcrumbList","@id":"https:\/\/tintas2000.pt\/home\/informacao-pre-contratual-nos-contratos-celebrados-a-distancia\/#breadcrumb","itemListElement":[{"@type":"ListItem","position":1,"name":"In\u00edcio","item":"https:\/\/tintas2000.pt\/home\/"},{"@type":"ListItem","position":2,"name":"Informa\u00e7\u00e3o pr\u00e9-contratual nos contratos celebrados \u00e0 dist\u00e2ncia\u00a0"}]},{"@type":"WebSite","@id":"https:\/\/tintas2000.pt\/home\/#website","url":"https:\/\/tintas2000.pt\/home\/","name":"Tintas 2000","description":"Tintas 2000","potentialAction":[{"@type":"SearchAction","target":{"@type":"EntryPoint","urlTemplate":"https:\/\/tintas2000.pt\/home\/?s={search_term_string}"},"query-input":{"@type":"PropertyValueSpecification","valueRequired":true,"valueName":"search_term_string"}}],"inLanguage":"pt-PT"}]}},"_links":{"self":[{"href":"https:\/\/tintas2000.pt\/home\/wp-json\/wp\/v2\/pages\/40065","targetHints":{"allow":["GET"]}}],"collection":[{"href":"https:\/\/tintas2000.pt\/home\/wp-json\/wp\/v2\/pages"}],"about":[{"href":"https:\/\/tintas2000.pt\/home\/wp-json\/wp\/v2\/types\/page"}],"author":[{"embeddable":true,"href":"https:\/\/tintas2000.pt\/home\/wp-json\/wp\/v2\/users\/1"}],"replies":[{"embeddable":true,"href":"https:\/\/tintas2000.pt\/home\/wp-json\/wp\/v2\/comments?post=40065"}],"version-history":[{"count":0,"href":"https:\/\/tintas2000.pt\/home\/wp-json\/wp\/v2\/pages\/40065\/revisions"}],"wp:attachment":[{"href":"https:\/\/tintas2000.pt\/home\/wp-json\/wp\/v2\/media?parent=40065"}],"curies":[{"name":"wp","href":"https:\/\/api.w.org\/{rel}","templated":true}]}}