{"id":40072,"date":"2023-01-11T11:57:24","date_gmt":"2023-01-11T11:57:24","guid":{"rendered":"https:\/\/tintas2000.pt\/home\/?page_id=40072"},"modified":"2023-01-11T12:02:37","modified_gmt":"2023-01-11T12:02:37","slug":"formulario-de-informacao-sobre-o-direito-de-livre-resolucao","status":"publish","type":"page","link":"https:\/\/tintas2000.pt\/home\/formulario-de-informacao-sobre-o-direito-de-livre-resolucao\/","title":{"rendered":"Formul\u00e1rio de informa\u00e7\u00e3o sobre o direito de livre resolu\u00e7\u00e3o \u00a0"},"content":{"rendered":"\t\t<div data-elementor-type=\"wp-page\" data-elementor-id=\"40072\" class=\"elementor elementor-40072\" data-elementor-post-type=\"page\">\n\t\t\t\t\t\t<section class=\"elementor-section elementor-top-section elementor-element elementor-element-6c4ba46c elementor-section-boxed elementor-section-height-default elementor-section-height-default\" data-id=\"6c4ba46c\" data-element_type=\"section\" data-e-type=\"section\">\n\t\t\t\t\t\t<div class=\"elementor-container elementor-column-gap-default\">\n\t\t\t\t\t<div class=\"elementor-column elementor-col-100 elementor-top-column elementor-element elementor-element-64bb4a09\" data-id=\"64bb4a09\" data-element_type=\"column\" data-e-type=\"column\">\n\t\t\t<div class=\"elementor-widget-wrap elementor-element-populated\">\n\t\t\t\t\t\t<div class=\"elementor-element elementor-element-74e34cb4 elementor-widget elementor-widget-heading\" data-id=\"74e34cb4\" data-element_type=\"widget\" data-e-type=\"widget\" data-widget_type=\"heading.default\">\n\t\t\t\t<div class=\"elementor-widget-container\">\n\t\t\t\t\t<h2 class=\"elementor-heading-title elementor-size-default\"><b><span style=\",sans-serif\">Formul\u00e1rio de informa\u00e7\u00e3o sobre o direito de livre resolu\u00e7\u00e3o<\/span><\/b><\/h2>\t\t\t\t<\/div>\n\t\t\t\t<\/div>\n\t\t\t\t<section class=\"elementor-section elementor-inner-section elementor-element elementor-element-55a414dc elementor-section-content-middle elementor-section-boxed elementor-section-height-default elementor-section-height-default\" data-id=\"55a414dc\" data-element_type=\"section\" data-e-type=\"section\">\n\t\t\t\t\t\t<div class=\"elementor-container elementor-column-gap-no\">\n\t\t\t\t\t<div class=\"elementor-column elementor-col-25 elementor-inner-column elementor-element elementor-element-4cdcebe6\" data-id=\"4cdcebe6\" data-element_type=\"column\" data-e-type=\"column\" data-settings=\"{&quot;background_background&quot;:&quot;classic&quot;}\">\n\t\t\t<div class=\"elementor-widget-wrap\">\n\t\t\t\t\t\t\t<\/div>\n\t\t<\/div>\n\t\t\t\t<div class=\"elementor-column elementor-col-25 elementor-inner-column elementor-element elementor-element-60be95fa\" data-id=\"60be95fa\" data-element_type=\"column\" data-e-type=\"column\">\n\t\t\t<div class=\"elementor-widget-wrap\">\n\t\t\t\t\t\t\t<\/div>\n\t\t<\/div>\n\t\t\t\t<div class=\"elementor-column elementor-col-25 elementor-inner-column elementor-element elementor-element-2ee72085\" data-id=\"2ee72085\" data-element_type=\"column\" data-e-type=\"column\">\n\t\t\t<div class=\"elementor-widget-wrap elementor-element-populated\">\n\t\t\t\t\t\t<div class=\"elementor-element elementor-element-304e8063 elementor-widget elementor-widget-text-editor\" data-id=\"304e8063\" data-element_type=\"widget\" data-e-type=\"widget\" data-widget_type=\"text-editor.default\">\n\t\t\t\t<div class=\"elementor-widget-container\">\n\t\t\t\t\t\t\t\t\t<p>TINTAS 2000 &gt; FORMUL\u00c1RIO DE INFORMA\u00c7\u00c3O LIVRE RESOLU\u00c7\u00c3O<\/p>\t\t\t\t\t\t\t\t<\/div>\n\t\t\t\t<\/div>\n\t\t\t\t\t<\/div>\n\t\t<\/div>\n\t\t\t\t<div class=\"elementor-column elementor-col-25 elementor-inner-column elementor-element elementor-element-285c8d41\" data-id=\"285c8d41\" data-element_type=\"column\" data-e-type=\"column\">\n\t\t\t<div class=\"elementor-widget-wrap\">\n\t\t\t\t\t\t\t<\/div>\n\t\t<\/div>\n\t\t\t\t\t<\/div>\n\t\t<\/section>\n\t\t\t\t\t<\/div>\n\t\t<\/div>\n\t\t\t\t\t<\/div>\n\t\t<\/section>\n\t\t\t\t<section class=\"elementor-section elementor-top-section elementor-element elementor-element-6638c95 elementor-section-boxed elementor-section-height-default elementor-section-height-default\" data-id=\"6638c95\" data-element_type=\"section\" data-e-type=\"section\">\n\t\t\t\t\t\t<div class=\"elementor-container elementor-column-gap-default\">\n\t\t\t\t\t<div class=\"elementor-column elementor-col-100 elementor-top-column elementor-element elementor-element-c68f52f\" data-id=\"c68f52f\" data-element_type=\"column\" data-e-type=\"column\">\n\t\t\t<div class=\"elementor-widget-wrap elementor-element-populated\">\n\t\t\t\t\t\t<div class=\"elementor-element elementor-element-abf4952 elementor-widget elementor-widget-text-editor\" data-id=\"abf4952\" data-element_type=\"widget\" data-e-type=\"widget\" data-widget_type=\"text-editor.default\">\n\t\t\t\t<div class=\"elementor-widget-container\">\n\t\t\t\t\t\t\t\t\t<p><strong>Direito de Livre Resolu\u00e7\u00e3o\u00a0<\/strong><\/p><p>O consumidor tem o direito de livre resolu\u00e7\u00e3o do presente contrato no prazo de 14 dias de calend\u00e1rio, ou no caso dos contratos celebrados fora do estabelecimento comercial mencionados nas subal\u00edneas ii) e v) da al\u00ednea i) do artigo 3.\u00ba, no prazo de 30 dias de calend\u00e1rio, sem necessidade de indicar qualquer motivo.\u00a0<\/p><p>O prazo para exerc\u00edcio do direito de livre resolu\u00e7\u00e3o expira 14 dias, ou 30 dias, a contar do dia seguinte ao dia em que adquire ou um terceiro por si indicado, que n\u00e3o seja o transportador, adquire a posse f\u00edsica dos bens.\u00a0<\/p><p>A fim de exercer o seu direito de livre resolu\u00e7\u00e3o, tem de nos comunicar (Inserir aqui o seu nome, endere\u00e7o geogr\u00e1fico e, eventualmente, n\u00famero de telefone, e endere\u00e7o de correio eletr\u00f3nico) a sua decis\u00e3o de resolu\u00e7\u00e3o do presente contrato por meio de uma declara\u00e7\u00e3o inequ\u00edvoca (por exemplo, carta enviada pelo correio ou correio eletr\u00f3nico).\u00a0\u00a0<\/p><p>Pode utilizar o modelo de formul\u00e1rio de resolu\u00e7\u00e3o, mas tal n\u00e3o \u00e9 obrigat\u00f3rio.\u00a0\u00a0<\/p><p>Para que o prazo de livre resolu\u00e7\u00e3o seja respeitado, basta que a sua comunica\u00e7\u00e3o referente ao exerc\u00edcio do direito de livre resolu\u00e7\u00e3o seja enviada antes do termo do prazo de resolu\u00e7\u00e3o.\u00a0<\/p><p><strong>Efeitos da livre resolu\u00e7\u00e3o\u00a0<\/strong><\/p><p>Em caso de resolu\u00e7\u00e3o do presente contrato, ser-lhe-\u00e3o reembolsados todos os pagamentos efetuados, incluindo os custos de entrega (com exce\u00e7\u00e3o de custos suplementares resultantes da sua escolha de uma modalidade de envio diferente da modalidade menos onerosa de envio normal por n\u00f3s oferecida), sem demora injustificada e, em qualquer caso, o mais tardar 14 dias a contar da data em que formos informados da sua decis\u00e3o de resolu\u00e7\u00e3o do presente contrato. Efetuamos esses reembolsos usando o mesmo meio de pagamento que usou na transa\u00e7\u00e3o inicial, salvo acordo expresso em contr\u00e1rio da sua parte; em qualquer caso, n\u00e3o incorre em quaisquer custos como consequ\u00eancia de tal reembolso\u00a0<\/p><p><strong>Modelo de formul\u00e1rio de livre resolu\u00e7\u00e3o\u00a0<\/strong><\/p><p>(s\u00f3 deve preencher e devolver o presente formul\u00e1rio se quiser resolver o contrato)\u00a0<\/p><p>(inserir aqui o nome, o endere\u00e7o geogr\u00e1fico e, eventualmente, e o endere\u00e7o de correio eletr\u00f3nico do profissional):<br \/>Pela presente comunico\/comunicamos que resolvo\/resolvemos do meu\/nosso contrato de compra e venda relativo ao seguinte bem\/para a presta\u00e7\u00e3o do seguinte servi\u00e7o<br \/>&#8211; Solicitado em ____________\/recebido em_________________________<br \/>&#8211; Nome do(s) consumidor(es)<br \/>&#8211; Endere\u00e7o do(s) consumidor(es)<br \/>&#8211; Assinatura do(s) consumidor(es) (s\u00f3 no caso de o presente formul\u00e1rio ser notificado em papel)<br \/>Riscar o que n\u00e3o interessa\u00a0<\/p>\t\t\t\t\t\t\t\t<\/div>\n\t\t\t\t<\/div>\n\t\t\t\t\t<\/div>\n\t\t<\/div>\n\t\t\t\t\t<\/div>\n\t\t<\/section>\n\t\t\t\t<\/div>\n\t\t","protected":false},"excerpt":{"rendered":"<p>Formul\u00e1rio de informa\u00e7\u00e3o sobre o direito de livre resolu\u00e7\u00e3o TINTAS 2000 &gt; FORMUL\u00c1RIO DE INFORMA\u00c7\u00c3O LIVRE RESOLU\u00c7\u00c3O Direito de Livre Resolu\u00e7\u00e3o&nbsp; O consumidor tem o direito de livre resolu\u00e7\u00e3o do presente contrato no prazo de 14 dias de calend\u00e1rio, ou no caso dos contratos celebrados fora do estabelecimento comercial mencionados nas subal\u00edneas ii) e v) [&hellip;]<\/p>\n","protected":false},"author":1,"featured_media":0,"parent":0,"menu_order":0,"comment_status":"closed","ping_status":"closed","template":"","meta":{"_acf_changed":false,"footnotes":""},"class_list":["post-40072","page","type-page","status-publish","hentry"],"acf":[],"yoast_head":"<!-- This site is optimized with the Yoast SEO plugin v27.5 - https:\/\/yoast.com\/product\/yoast-seo-wordpress\/ -->\n<title>Formul\u00e1rio de informa\u00e7\u00e3o sobre o direito de livre resolu\u00e7\u00e3o \u00a0 - Tintas 2000<\/title>\n<meta name=\"robots\" content=\"index, follow, max-snippet:-1, max-image-preview:large, max-video-preview:-1\" \/>\n<link rel=\"canonical\" href=\"https:\/\/tintas2000.pt\/home\/formulario-de-informacao-sobre-o-direito-de-livre-resolucao\/\" \/>\n<meta property=\"og:locale\" content=\"pt_PT\" \/>\n<meta property=\"og:type\" content=\"article\" \/>\n<meta property=\"og:title\" content=\"Formul\u00e1rio de informa\u00e7\u00e3o sobre o direito de livre resolu\u00e7\u00e3o \u00a0 - Tintas 2000\" \/>\n<meta property=\"og:description\" content=\"Formul\u00e1rio de informa\u00e7\u00e3o sobre o direito de livre resolu\u00e7\u00e3o TINTAS 2000 &gt; FORMUL\u00c1RIO DE INFORMA\u00c7\u00c3O LIVRE RESOLU\u00c7\u00c3O Direito de Livre Resolu\u00e7\u00e3o&nbsp; O consumidor tem o direito de livre resolu\u00e7\u00e3o do presente contrato no prazo de 14 dias de calend\u00e1rio, ou no caso dos contratos celebrados fora do estabelecimento comercial mencionados nas subal\u00edneas ii) e v) [&hellip;]\" \/>\n<meta property=\"og:url\" content=\"https:\/\/tintas2000.pt\/home\/formulario-de-informacao-sobre-o-direito-de-livre-resolucao\/\" \/>\n<meta property=\"og:site_name\" content=\"Tintas 2000\" \/>\n<meta property=\"article:modified_time\" content=\"2023-01-11T12:02:37+00:00\" \/>\n<meta name=\"twitter:card\" content=\"summary_large_image\" \/>\n<meta name=\"twitter:label1\" content=\"Tempo estimado de leitura\" \/>\n\t<meta name=\"twitter:data1\" content=\"2 minutos\" \/>\n<script type=\"application\/ld+json\" class=\"yoast-schema-graph\">{\"@context\":\"https:\\\/\\\/schema.org\",\"@graph\":[{\"@type\":\"WebPage\",\"@id\":\"https:\\\/\\\/tintas2000.pt\\\/home\\\/formulario-de-informacao-sobre-o-direito-de-livre-resolucao\\\/\",\"url\":\"https:\\\/\\\/tintas2000.pt\\\/home\\\/formulario-de-informacao-sobre-o-direito-de-livre-resolucao\\\/\",\"name\":\"Formul\u00e1rio de informa\u00e7\u00e3o sobre o direito de livre resolu\u00e7\u00e3o \u00a0 - Tintas 2000\",\"isPartOf\":{\"@id\":\"https:\\\/\\\/tintas2000.pt\\\/home\\\/#website\"},\"datePublished\":\"2023-01-11T11:57:24+00:00\",\"dateModified\":\"2023-01-11T12:02:37+00:00\",\"breadcrumb\":{\"@id\":\"https:\\\/\\\/tintas2000.pt\\\/home\\\/formulario-de-informacao-sobre-o-direito-de-livre-resolucao\\\/#breadcrumb\"},\"inLanguage\":\"pt-PT\",\"potentialAction\":[{\"@type\":\"ReadAction\",\"target\":[\"https:\\\/\\\/tintas2000.pt\\\/home\\\/formulario-de-informacao-sobre-o-direito-de-livre-resolucao\\\/\"]}]},{\"@type\":\"BreadcrumbList\",\"@id\":\"https:\\\/\\\/tintas2000.pt\\\/home\\\/formulario-de-informacao-sobre-o-direito-de-livre-resolucao\\\/#breadcrumb\",\"itemListElement\":[{\"@type\":\"ListItem\",\"position\":1,\"name\":\"In\u00edcio\",\"item\":\"https:\\\/\\\/tintas2000.pt\\\/home\\\/\"},{\"@type\":\"ListItem\",\"position\":2,\"name\":\"Formul\u00e1rio de informa\u00e7\u00e3o sobre o direito de livre resolu\u00e7\u00e3o \u00a0\"}]},{\"@type\":\"WebSite\",\"@id\":\"https:\\\/\\\/tintas2000.pt\\\/home\\\/#website\",\"url\":\"https:\\\/\\\/tintas2000.pt\\\/home\\\/\",\"name\":\"Tintas 2000\",\"description\":\"Tintas 2000\",\"potentialAction\":[{\"@type\":\"SearchAction\",\"target\":{\"@type\":\"EntryPoint\",\"urlTemplate\":\"https:\\\/\\\/tintas2000.pt\\\/home\\\/?s={search_term_string}\"},\"query-input\":{\"@type\":\"PropertyValueSpecification\",\"valueRequired\":true,\"valueName\":\"search_term_string\"}}],\"inLanguage\":\"pt-PT\"}]}<\/script>\n<!-- \/ Yoast SEO plugin. -->","yoast_head_json":{"title":"Formul\u00e1rio de informa\u00e7\u00e3o sobre o direito de livre resolu\u00e7\u00e3o \u00a0 - Tintas 2000","robots":{"index":"index","follow":"follow","max-snippet":"max-snippet:-1","max-image-preview":"max-image-preview:large","max-video-preview":"max-video-preview:-1"},"canonical":"https:\/\/tintas2000.pt\/home\/formulario-de-informacao-sobre-o-direito-de-livre-resolucao\/","og_locale":"pt_PT","og_type":"article","og_title":"Formul\u00e1rio de informa\u00e7\u00e3o sobre o direito de livre resolu\u00e7\u00e3o \u00a0 - Tintas 2000","og_description":"Formul\u00e1rio de informa\u00e7\u00e3o sobre o direito de livre resolu\u00e7\u00e3o TINTAS 2000 &gt; FORMUL\u00c1RIO DE INFORMA\u00c7\u00c3O LIVRE RESOLU\u00c7\u00c3O Direito de Livre Resolu\u00e7\u00e3o&nbsp; O consumidor tem o direito de livre resolu\u00e7\u00e3o do presente contrato no prazo de 14 dias de calend\u00e1rio, ou no caso dos contratos celebrados fora do estabelecimento comercial mencionados nas subal\u00edneas ii) e v) [&hellip;]","og_url":"https:\/\/tintas2000.pt\/home\/formulario-de-informacao-sobre-o-direito-de-livre-resolucao\/","og_site_name":"Tintas 2000","article_modified_time":"2023-01-11T12:02:37+00:00","twitter_card":"summary_large_image","twitter_misc":{"Tempo estimado de leitura":"2 minutos"},"schema":{"@context":"https:\/\/schema.org","@graph":[{"@type":"WebPage","@id":"https:\/\/tintas2000.pt\/home\/formulario-de-informacao-sobre-o-direito-de-livre-resolucao\/","url":"https:\/\/tintas2000.pt\/home\/formulario-de-informacao-sobre-o-direito-de-livre-resolucao\/","name":"Formul\u00e1rio de informa\u00e7\u00e3o sobre o direito de livre resolu\u00e7\u00e3o \u00a0 - Tintas 2000","isPartOf":{"@id":"https:\/\/tintas2000.pt\/home\/#website"},"datePublished":"2023-01-11T11:57:24+00:00","dateModified":"2023-01-11T12:02:37+00:00","breadcrumb":{"@id":"https:\/\/tintas2000.pt\/home\/formulario-de-informacao-sobre-o-direito-de-livre-resolucao\/#breadcrumb"},"inLanguage":"pt-PT","potentialAction":[{"@type":"ReadAction","target":["https:\/\/tintas2000.pt\/home\/formulario-de-informacao-sobre-o-direito-de-livre-resolucao\/"]}]},{"@type":"BreadcrumbList","@id":"https:\/\/tintas2000.pt\/home\/formulario-de-informacao-sobre-o-direito-de-livre-resolucao\/#breadcrumb","itemListElement":[{"@type":"ListItem","position":1,"name":"In\u00edcio","item":"https:\/\/tintas2000.pt\/home\/"},{"@type":"ListItem","position":2,"name":"Formul\u00e1rio de informa\u00e7\u00e3o sobre o direito de livre resolu\u00e7\u00e3o \u00a0"}]},{"@type":"WebSite","@id":"https:\/\/tintas2000.pt\/home\/#website","url":"https:\/\/tintas2000.pt\/home\/","name":"Tintas 2000","description":"Tintas 2000","potentialAction":[{"@type":"SearchAction","target":{"@type":"EntryPoint","urlTemplate":"https:\/\/tintas2000.pt\/home\/?s={search_term_string}"},"query-input":{"@type":"PropertyValueSpecification","valueRequired":true,"valueName":"search_term_string"}}],"inLanguage":"pt-PT"}]}},"_links":{"self":[{"href":"https:\/\/tintas2000.pt\/home\/wp-json\/wp\/v2\/pages\/40072","targetHints":{"allow":["GET"]}}],"collection":[{"href":"https:\/\/tintas2000.pt\/home\/wp-json\/wp\/v2\/pages"}],"about":[{"href":"https:\/\/tintas2000.pt\/home\/wp-json\/wp\/v2\/types\/page"}],"author":[{"embeddable":true,"href":"https:\/\/tintas2000.pt\/home\/wp-json\/wp\/v2\/users\/1"}],"replies":[{"embeddable":true,"href":"https:\/\/tintas2000.pt\/home\/wp-json\/wp\/v2\/comments?post=40072"}],"version-history":[{"count":0,"href":"https:\/\/tintas2000.pt\/home\/wp-json\/wp\/v2\/pages\/40072\/revisions"}],"wp:attachment":[{"href":"https:\/\/tintas2000.pt\/home\/wp-json\/wp\/v2\/media?parent=40072"}],"curies":[{"name":"wp","href":"https:\/\/api.w.org\/{rel}","templated":true}]}}